 ((-5 - -1) + 9).
-4
Calculate 10 - (7 + 4 + 2 + -8).
5
8 - ((7 - 5 - 1) + 1)
6
What is the value of 0 + -2 - (2 - (4 - 0))?
0
Calculate -1 + (-4 - -1) + 1 + 3.
0
What is the value of 98 + -111 - (-1 + 1 - 6)?
-7
Evaluate (5 - 0) + (25 - 29).
1
What is -2 + -2 + 4 - 2 - 4?
-6
Calculate -36 + 34 + -3 + 13.
8
What is -11 - -11 - (-6 - 2)?
8
What is the value of 0 + (-1 - 1) + -4 + 2?
-4
-9 + (1 - -6 - 0)
-2
Evaluate 11 + -17 + -1 + 3.
-4
What is the value of -5 + (1 - 5) - -8?
-1
(-8 - -1) + 82 + -73
2
-1 + -5 - (-95 - -85)
4
Calculate (7 - (3 + 0)) + -5 + -4.
-5
Calculate (-3 - -7) + (1 + -6 - 2).
-3
Calculate 5 + (-4 - -1) - 4.
-2
Evaluate 0 + (-7 - -15 - 4).
4
What is -6 + -7 + 14 - 6?
-5
What is -12 - -7 - -6 - -4?
5
What is -1 - 2 - (42 - 45)?
0
Evaluate 2 + (2 - -2 - 7) - -2.
1
Evaluate (5 - (4 + -10)) + -15.
-4
Evaluate (0 - -4) + -8 - -4.
0
What is 5 + (-27 + 16 - (-4 + -2))?
0
(-4 - -3) + 4 - -3 - 3
3
What is the value of (-203 - -204) + 0 + 9?
10
-3 - (2 + -6) - -1
2
Evaluate 1 + (0 - -5) - 3.
3
What is (-1 - -1) + (7 - (2 + 1))?
4
Calculate -4 - 2 - -5 - 2 - -6.
3
What is the value of -18 + 21 - (6 - -1)?
-4
What is (-10 - 1) + (21 - 16)?
-6
Calculate -12 - (0 - -1 - 6 - -1).
-8
Calculate 2 + (-3 + 0 - (-15 + 14)).
0
Calculate 5 + -14 + 4 + 2.
-3
What is the value of (-2 + 6 - 4) + -7?
-7
(-12 - -6) + 4 + 0 + 4
2
(7 - 5) + (5 - 3 - 4)
0
Calculate (9 - 3 - (1 - -2)) + -3.
0
What is 4 - (-1 + -2 - -6)?
1
Calculate 6 - (4 + -2 + -1).
5
Calculate (6 - 0) + -3 - (2 - 3).
4
What is -12 - ((1 - 0) + (-18 - -11))?
-6
Calculate 0 - 2 - (48 - 47).
-3
What is 3 + (29 + -28 - (5 - -1))?
-2
Evaluate -11 - (1 + -10 + 4).
-6
-8 - (-1 + 5 + -3 - 1)
-8
What is the value of -3 - (0 - (-1 - -4)) - 4?
-4
Calculate -1 + -1 + -2 - -7.
3
What is -1 + (0 - 7 - -3)?
-5
Evaluate -7 + 1 + 3 + 4.
1
Calculate 2 + 2 + (-4 - 5).
-5
What is 1 + (2 - (3 + 7)) + 4?
-3
Evaluate 3 - (2 + (3 - -1)) - 0.
-3
Calculate -1 + 0 - -3 - (1 + 2).
-1
What is (2 + 0 - -5) + -3?
4
Evaluate -15 + 16 + -6 + 1.
-4
What is the value of -2 - -1 - (-3 - -7)?
-5
Calculate 6 + -9 + 2 - -4.
3
What is 15 + -23 - (-2 + -8)?
2
8 + -15 + 10 + 5
8
What is the value of (0 - -4) + 3 + -11?
-4
Evaluate 7 + -10 - (-2 + 2 + -1).
-2
What is the value of -5 + (3 - (-4 + 5)) + 7?
4
What is 1 + 2 + 6 + -11?
-2
1 + (-2 - 1 - -2)
0
What is -1 + (-9 - (-7 - 2))?
-1
17 - 19 - (2 + -2 + 0)
-2
What is 0 + (7 + -2 - 9)?
-4
What is 9 + -5 + 0 + (-2 - 1)?
1
Calculate -10 + 6 + 4 + 1 + -7.
-6
Calculate -26 - -20 - (-7 + 0 + 3).
-2
Evaluate -7 + 2 + -1 + 9.
3
(-3 + 2 - -2) + -2
-1
What is -12 + 5 + 2 - -2?
-3
4 + -2 + -3 - -3
2
What is -18 + (16 - 4) - 3?
-9
Calculate -3 + 4 + -2 + 1.
0
Calculate 2 + 0 + (-6 - -7).
3
What is 1 - (3 + (-3 - 0))?
1
Calculate 5 + (-5 - -7) + 0 + -4.
3
What is -10 + 1 + 25 + -10?
6
Evaluate (-1 - (-2 - -2 - 5)) + -1.
3
What is 1 + 5 + (-2 - 2)?
2
Calculate 4 - (-1 + -2 - -18) - -4.
-7
What is the value of 7 + 3 + 2 + -11 + 5?
6
Calculate 4 - ((-11 - -3) + -1 - -7).
6
(-9 - 0) + 6 + (0 - -1)
-2
Calculate 2 - (-6 + -2 - -11).
-1
-4 + 1 - (3 + -2)
-4
What is the value of 10 + 3 + -8 + 3 - 14?
-6
(-67 - -74) + (-2 - (0 + -6))
11
What is the value of -8 - 1 - (-2 - (-2 - -4))?
-5
What is the value of -3 + (10 + 2 - (-22 - -27))?
4
What is the value of 1 + 0 + (-57 - -48)?
-8
-11 - (11 - (23 + 0))
1
Evaluate -4 + 13 + -4 - 0.
5
What is the value of -2 - -4 - 5 - -6?
3
Evaluate -7 + -2 + (18 - 5).
4
(-2 - (16 - 8)) + 5
-5
Calculate -7 + (-4 - -13) + 2 + -9.
-5
Evaluate 9 - ((0 - -7 - -4) + -6).
4
What is the value of (-8 - (2 - (-5 + 9))) + 14?
8
Calculate -3 + (2 - (-1 - 2)).
2
What is the value of -56 + 56 + (-2 - -3 - 0)?
1
Calculate 6 - (2 + -5) - 3.
6
What is -18 - -14 - (1 + 0 + -1)?
-4
-2 - ((-1 - 10) + 5)
4
What is the value of (1 - (0 + -3 - -1)) + 2?
5
What is 4 + -2 + 13 + -10?
5
What is -10 + (-11 + 1 - -12)?
-8
What is the value of (-4 - (4 - -3)) + -12 + 12?
-11
What is 7 + -5 + 1 - -3?
6
Calculate 5 - (1 - 0) - 8 - -3.
-1
What is 9 + -2 + -5 + 2?
4
Evaluate -4 + 1 - (-1 + 3).
-5
Calculate -3 - (1 + 7 + -7 - 0).
-4
What is (0 - (0 + -2)) + -3 + 0?
-1
What is the value of -5 + -3 + 4 + (-3 - -2)?
-5
35 - 44 - (-4 + 0)
-5
-8 + 1 + (14 - 6)
1
Calculate (12 - 7) + -3 + 0.
2
Calculate -1 + -1 + 6 + -2.
2
What is -3 + 4 - -7 - (1 - -2)?
5
(27 + -25 - (1 + 1)) + -8
-8
Evaluate 3 - 6 - (0 - 9).
6
Evaluate 4 - (6 - -1) - 0.
-3
Evaluate 1 + 8 + -6 - (-2 + 1).
4
Evaluate 0 - (3 - 1 - (-18 + 24)).
4
Calculate (0 - -6) + 5 + -7 + 1.
5
Evaluate -14 + 11 - (1 + -1) - -6.
3
Calculate -1 + -4 + 0 - 1.
-6
Calculate 117 - 105 - (1 - -12).
-1
What is the value of -1 - -1 - (-20 - -19)?
1
What is the value of 1 - (2 - (12 + -5))?
6
What is -4 + 7 + 1 + -4 - -1?
1
Evaluate -4 + 2 + (3 + -1 - -2).
2
What is the value of -15 - ((-8 - 6) + 1)?
-2
What is -1 - -5 - (-11 - (-7 - 2))?
6
What is the value of (15 + -13 - (6 - 1)) + 1?
-2
What is -14 - -3 - (-10 - 2)?
1
What is the value of 112 + -106 - (-2 - (-2 + -5))?
1
Calculate 5 + (-2 - -8) - (6 + -1).
6
3 - (11 - -1) - -6
-3
Evaluate -5 - ((-17 - -7) + 0).
5
Evaluate -2 - (-1 - 1) - (12 - 10).
-2
What is the value of 3 - 1 - (-6 + 7 + -4)?
5
What is -6 + (-1 + 0 - -11)?
4
Calculate (-4 - -10 - 2) + -1 + 2.
5
What is (2 - -1) + (4 - (-2 - -4))?
5
14 + 0 + (-16 - -3)
1
Calculate (7 - 7) + (-5 - -7).
2
Evaluate -1 - 1 - (44 + -45).
-1
What is -4 - (-11 + (13 - 5))?
-1
What is the value of 2 - (3 + (-1 - -4) + -4)?
0
What is the value of -6 + 3 + 5 - (3 + 2)?
-3
7 - (6 - (-4 - -3))
0
Calculate 10 - -2 - (17 - -3).
-8
Evaluate -3 + 4 - 3 - -4.
2
-1 + (3 - 4) - 0 - 0
-2
0 - (-6 - -8) - -4
2
What is the value of (0 - -1) + -1 + -67 + 67?
0
Calculate 2 + (-2 - (-5 - -11) - -4).
-2
Calculate 3 + -11 + 12 - -2.
6
Evaluate -21 + (2 - -7) - -5.
-7
Calculate -6 + (38 + -38 - (0 + -1)).
-5
-18 - -17 - (9 + -3)
-7
Calculate 6 - ((-2 - -5) + -1).
4
Calculate 17 + -26 + (-10 - -22).
3
What is the value of -9 + (-11 + 16 - 5)?
-9
Evaluate -4 + 2 + 5 - 6.
-3
What is 2 - (1 - 6 - -7)?
0
Evaluate (4 - -1 - 6) + 6 - 1.
4
Calculate -1 + -4 + (-10 - 0 - -14).
-1
What is the value of 2 - (-3 + 9 + -6 + 0)?
2
Evaluate (-77 - -81) + 1 + 0.
5
Calculate 0 + 0 + 18 + -23.
-5
4 + (1 - 6) + 3 + 1
3
What is 0 + (3 - (-1 - -5))?
-1
What is the value of -9 + 11 + 0 + 1?
3
Calculate 5 - (-3 + (8 - (6 - 3))).
3
(22 - 8) + (3 - 14)
3
-7 - ((-7 - (6 + -3)) + 3)
0
(-7 + 5 - 7) + 6
-3
Calculate 8 + (-7 - 0) + 4.
5
Evaluate 3 - (12 + (2 - 6)).
-5
1 + -6 + 5 - -4
4
What is the value of -1 - (1 + (11 - 7))?
-6
What is the value of 3 + -2 + -2 + 5?
4
What is 4 + 3 + 3 + -6 + -4?
0
What is 4 - 0 - 5 - -5?
4
What is the value of 0 - (-3 - (7 - 15))?
-5
(3 - 5) + -5 + 1
-6
What is the value of -2 + -2 - (1 + -5 + -2)?
2
What is (-8 - -4) + -3 + (12 - 8)?
-3
What is the value of (-3 - 2 - -2) + 6?
3
What is 3 + (3 - (4 + 5))?
-3
What is the value of -1 + (-2 - (-12 - -2))?
7
Evaluate 0 + -1 + 6 + -6.
-1
Calculate -3 + -6 + (-7 - -10).
-6
What is (-5 + 2 - -2) + -1 + -1?
-3
Calculate (-1 - 0) + (7 + -18 - -8).
-4
What is -2 + -5 + 4 + 2 + 6?
5
Calculate (-2 - -1) + (3 - -3) + -8.
-3
What is (3 - -1) + (-1 - (1 + 4))?
-2
Calculate -3 - (2 - 0 - -1).
-6
0 - (-3 + 3 + 5)
-5
What is the value of -2 - (1 + 2 + (-9 - -1))?
3
Evaluate -5 - (-12 + 5) - -3.
5
Evaluate -9 - (-3 + 8 + -12).
-2
What is -9 + 5 + 9 + -1?
4
Calculate 4 - (-1 + 2 - 0).
3
What is the value of -1 - (-7 + 0 + 4)?
2
Evaluate (-5 - -14) + 8 + -16.
1
5 + -13 + (-7 + 24 - 10)
-1
Evaluate (-1 - -1) + -11 + (30 - 14).
5
Calculate 0 + -2 - (-2 + -5).
5
What is -4 + (4 + -6 - -3) + 1?
-2
Evaluate 1 - 4 - (-1 + 2 + -2).
-2
Evaluate -5 - (12 - 5 - 6 - 0).
-6
Evaluate 5 + (4 - 4 - 12) - -2.
-5
Evaluate 13 + -17 + 10 - (1 + -5).
10
What is the value of (-33 - -36) + (-1 - 1)?
1
What is 24 + -13 - (2 - -10)?
-1
Evaluate (2 - 2) + (-16 - -11) - -6.
1
What is (1 - (-1 + -1)) + -2?
1
Calculate 0 + -7 - (-16 + 12).
-3
What is -1 + -2 - (5 + -9)?
1
What is -2 - 2 - (-2 + -2 + 0)?
0
-1 + (-2 - ((0 - 0) + 0))
-3
Evaluate 7 - (1 - 0) - 1.
5
Evaluate 53 + -68 + (8 - 1).
-8
-1 + 1 + 3 + -1
2
Calculate (4 - 8) + -2 + 5.
-1
What is 6 + (4 - 1) + -8 + 2?
3
What is the value of 9 - (3 + 4 - -4)?
-2
Calculate -9 + 3 - -3 - 2.
-5
(1 - 3) + (16 - 10 - 6)
-2
Eva